 + 51*u - 77. What is y(16)?
-29
Let i(b) = 2804*b**3 - b**2 - 416*b + 416. Calculate i(1).
2803
Let y(l) = -114*l - 8778. Give y(-79).
228
Let f(w) = -w**3 - 211*w**2 + w - 18. Calculate f(-211).
-229
Let c(g) = 444*g + 63423. What is c(-143)?
-69
Let x(f) = 42*f**2 - 22*f + 114. Give x(5).
1054
Let h(z) = -z**3 - 99*z**2 + 912*z + 18012. What is h(-106)?
-8
Let p(s) = -79*s**2 + 34203*s + 1616. Give p(433).
-116
Let v(h) = -2288*h - 41159. Calculate v(-18).
25
Let j(v) = -2*v**3 + 21*v**2 + 104*v + 47. What is j(-4)?
95
Let y(x) = 4*x**2 + 651*x + 5507. Calculate y(-9).
-28
Let m(b) = 120*b**2 + 829*b - 15. What is m(-7)?
62
Let j(q) = q**3 + 20*q**2 + 47*q + 4. Determine j(-6).
226
Let g(i) = 17*i**2 + 1294*i + 5419. What is g(-4)?
515
Let x(b) = 932*b - 11332. Give x(12).
-148
Let z(g) = -46752*g + 1355816. Calculate z(29).
8
Let n(d) = -46790*d - 1403738. Give n(-30).
-38
Let p(t) = 47085*t + 188274. Calculate p(-4).
-66
Let d(m) = m**3 - 66*m**2 - 540*m + 3986. Give d(73).
1869
Let t(i) = 449*i + 2208. Determine t(-6).
-486
Let r(h) = 9278*h - 343262. What is r(37)?
24
Let v(g) = -g**3 + 232*g**2 - 674*g - 2979. What is v(229)?
-2
Let j(i) = -i**3 - 169*i**2 - 168*i + 996. Calculate j(-168).
996
Let w(r) = -r**3 - 66*r**2 - 333*r - 5619. Calculate w(-62).
-349
Let n(o) = -3049*o - 51799. What is n(-17)?
34
Let w(l) = l**2 - 2446*l + 9765. What is w(4)?
-3
Let v(d) = 3266*d + 705511. Give v(-216).
55
Let m(w) = -w**3 + 4*w**2 - 63*w + 807. Give m(10).
-423
Let s(t) = t**3 + 15*t**2 - 97*t - 1247. Determine s(-16).
49
Let t(b) = 5*b**3 - 863*b**2 + 520*b - 720. Calculate t(172).
-32
Let g(c) = 2*c**2 + 128*c + 1486. Determine g(-22).
-362
Let p(z) = 5*z**3 - 57*z**2 + 84*z - 1361. Calculate p(12).
79
Let y(t) = -63433*t + 634289. What is y(10)?
-41
Let w(r) = -5*r**2 + 1181*r - 32676. What is w(27)?
-4434
Let f(w) = -w**3 - 50*w**2 + 5221*w + 7060. Calculate f(-101).
-10
Let n(j) = 66*j**2 - 157*j - 137. Give n(-1).
86
Let a(o) = -397*o**3 + o**2 + 4683*o + 4681. Calculate a(-1).
396
Let m(v) = v**3 - 192*v**2 - 5189*v - 109. Give m(-24).
11
Let k(s) = 14*s**2 + 448*s - 50. What is k(-30)?
-890
Let p(m) = 126*m + 15748. What is p(-125)?
-2
Let i(u) = -u**3 + 109*u**2 + 34*u - 3641. What is i(109)?
65
Let n(x) = x**3 + 138*x**2 - 434*x - 1557. Calculate n(-141).
-6
Let n(k) = -5*k**3 + 32*k**2 + 114*k - 849. Determine n(8).
-449
Let a(b) = 123*b - 152. Calculate a(3).
217
Let u(l) = 468*l - 80316. What is u(171)?
-288
Let w(d) = 8*d**3 - 1006*d**2 - 255*d + 432. Give w(126).
54
Let v(u) = -14*u**3 + 11*u**2 + 6*u - 3. Give v(-2).
141
Let l(i) = 12691*i + 583782. Determine l(-46).
-4
Let z(i) = -20*i**2 - 330*i + 80. Determine z(-17).
-90
Let j(l) = -8032*l - 170292. What is j(-21)?
-1620
Let k(h) = 6*h**2 + 9028*h + 63230. Calculate k(-7).
328
Let g(y) = 2*y**2 - 592660*y - 14817743. Give g(-25).
7
Let f(h) = -4*h**3 - 11*h**2 + 3*h - 79. Give f(-4).
-11
Let j(t) = 17*t**2 + 8464*t + 947. Determine j(-498).
1943
Let x(o) = 13814*o + 400553. Give x(-29).
-53
Let t(u) = -u**3 + 8*u**2 + 1615*u - 27. Give t(0).
-27
Let g(j) = 29*j**2 - 692*j + 1206. Determine g(22).
18
Let q(h) = -163563*h - 1145033. What is q(-7)?
-92
Let w(t) = -103*t + 1786. What is w(17)?
35
Let b(i) = -359*i**2 - 223300*i - 1208. Calculate b(-622).
36
Let u(d) = -279767*d - 279844. Determine u(-1).
-77
Let t(z) = -180113*z + 7024409. What is t(39)?
2
Let h(q) = 142*q + 54800. Give h(-386).
-12
Let g(y) = 751*y**2 - 82*y - 82. Give g(-1).
751
Let a(o) = 80232*o + 1684867. Give a(-21).
-5
Let b(l) = -65*l**2 - 691*l + 325. What is b(-11)?
61
Let r(x) = x**3 - 84*x**2 + 1619*x + 105. Determine r(54).
51
Let z(c) = 2*c**3 - 103*c**2 + 273*c + 7051. Calculate z(47).
1
Let n(m) = 1354*m**2 - 56*m - 60. Calculate n(-1).
1350
Let w(j) = -j**3 + j**2 + 522*j - 1567. Determine w(3).
-19
Let t(h) = -h**2 - 5295*h - 137002. What is t(-26)?
-8
Let t(g) = -9*g**2 - 3046*g + 4777. Give t(-340).
17
Let w(i) = i**3 + 325*i**2 + 2223*i - 1037. Calculate w(-318).
-83
Let v(c) = -c**3 - 21*c**2 - 83*c - 8. Determine v(-7).
-113
Let n(o) = 27948*o - 1145973. What is n(41)?
-105
Let g(p) = 3*p**2 + 216*p - 11486. Calculate g(38).
1054
Let j(g) = 1988*g - 304222. What is j(153)?
-58
Let k(v) = -78484*v + 784848. Determine k(10).
8
Let c(d) = d**3 + 25*d**2 + 72*d + 183. Give c(-21).
435
Let k(l) = -41*l**2 + 265*l - 306. What is k(5)?
-6
Let n(w) = -w**2 + 2*w + 16. What is n(22)?
-424
Let y(l) = 2*l**3 + 18*l**2 - 2069*l - 26537. What is y(-13)?
-992
Let i(k) = 6*k - 479. Give i(-22).
-611
Let b(h) = 374*h**2 - 4743*h + 3060. What is b(12)?
0
Let k(f) = -1144*f - 1200069. Give k(-1049).
-13
Let a(w) = -419*w + 109904. Calculate a(261).
545
Let c(n) = 200*n**2 - 418*n + 44. Determine c(2).
8
Let o(d) = 4*d**2 + 197*d - 1407. Determine o(7).
168
Let n(d) = d**2 - 1917*d - 28884. Give n(-15).
96
Let s(p) = -35*p**3 - 127*p**2 - 31*p - 55. Give s(-4).
277
Let d(m) = -161*m + 24331. Calculate d(153).
-302
Let j(b) = -5990*b - 43658. Determine j(-7).
-1728
Let z(t) = 2*t**3 + 78*t**2 - 4*t - 88. Calculate z(-39).
68
Let l(k) = 29802*k - 2175563. What is l(73)?
-17
Let l(w) = -42*w**3 + 127*w**2 + w - 5. Give l(3).
7
Let y(x) = 2*x**2 + 645*x - 130700. Give y(141).
7
Let c(n) = -12*n**2 - 1421*n + 4217. Determine c(3).
-154
Let k(n) = -244*n**3 + 1222*n**2 - 15*n + 13. What is k(5)?
-12
Let h(i) = -3*i**2 - 193*i + 470. Calculate h(-67).
-66
Let y(b) = b**3 + 7*b**2 - b - 45. Determine y(-3).
-6
Let l(s) = 21703*s**2 - 151935*s + 86. Give l(7).
-12
Let r(o) = -6794*o + 20974. Give r(3).
592
Let p(z) = 288*z**2 - 276*z + 98. Determine p(5).
5918
Let p(c) = -5*c**3 - 252*c + 30. Give p(0).
30
Let w(u) = 2*u**2 + 5*u - 3341. What is w(-42)?
-23
Let f(n) = 4397*n - 197862. Give f(45).
3
Let l(g) = -211*g**2 - 2312*g + 49. What is l(-11)?
-50
Let p(t) = t**2 - 931*t - 7591. Determine p(-8).
-79
Let a(q) = -61*q**2 + 297*q + 36. Give a(5).
-4
Let q(a) = -3*a**2 - 1029*a - 9971. Determine q(-333).
19
Let r(m) = -m**3 - 19*m**2 + 278*m - 107. Calculate r(-29).
241
Let o(g) = -g**3 + 2625*g - 20593. What is o(8)?
-105
Let f(n) = 3035*n - 342938. Give f(113).
17
Let m(q) = 73628*q - 368142. Calculate m(5).
-2
Let m(j) = -4729*j - 11855608. Calculate m(-2507).
-5
Let d(n) = -2274*n + 2146. What is d(1)?
-128
Let m(i) = 3502*i - 6660. Determine m(1).
-3158
Let g(n) = n**3 - 41*n**2 - 11*n + 163. Determine g(42).
1465
Let q(n) = -5*n**3 + 345*n**2 - 9*n + 559. Give q(69).
-62
Let i(n) = -96514*n - 675764. Give i(-7).
-166
Let g(r) = -2*r**2 + 128*r - 5014. What is g(35)?
-2984
Let z(d) = -1035*d**2 + 78658*d + 145. Determine z(76).
-7
Let c(s) = 742*s + 23108. Determine c(-32).
-636
Let p(a) = 2*a**3 - 940*a**2 + 1076*a - 64726. Calculate p(469).
-4
Let h(o) = -43*o**2 - 4164*o + 25060. Give h(6).
-1472
Let c(v) = 23382*v - 70178. Give c(3).
-32
Let l(d) = -157*d - 12480. What is l(-79)?
-77
Let c(v) = -v**3 - 50*v**2 - 539*v - 326. Determine c(-30).
-2156
Let q(k) = k**2 + 84*k - 4092. Give q(-117).
-231
Let p(f) = -2663*f - 15793. Calculate p(-6).
185
Let k(l) = -108*l**2 + 7078*l - 21233. Determine k(3).
-971
Let f(k) = 16*k**3 + 91*k**2 - 10*k + 12. Calculate f(-7).
-947
Let i(c) = 1429*c + 28574. Calculate i(-20).
-6
Let h(c) = 6972*c - 83669. Determine h(12).
-5
Let f(d) = 2*d**2 - 4440*d + 191461. Calculate f(44).
-27
Let t(b) = 19*b**2 - 5226*b + 10646. What is t(273)?
-1
Let o(n) = 99984*n - 10098389. Give o(101).
-5
Let g(u) = 3*u**3 + u**2 - 265*u - 5041. What is g(0)?
-5041
Let t(c) = -6*c**2 + 675*c + 2681. What is t(-4)?
-115
Let g(q) = -94*q**3 + 2257*q**2 - 27*q + 70. What is g(24)?
-2
Let r(z) = 2*z**3 + 393*z**2 + 290*z + 18415. What is r(-196)?
-9
Let q(f) = f**3 + 58*f**2 + 196*f + 1714. Determine q(-55).
9
Let g(r) = -16*r**2 + 220*r - 1927. Determine g(16).
-2503
Let j(i) = 28*i**3 - 7*i**2 + 10. What is j(2)?
206
Let d(u) = 6*u**2 + 1770*u + 112711. What is d(-93)?
-5
Let o(m) = -206178*m - 1649450. Determine o(-8).
-26
Let f(b) = 46*b**2 + 2850*b - 59. What is f(-62)?
65
Let s(t) = -16*t**2 + 321*t + 976. Give s(-3).
-131
Let a(p) = p**3 + 182*p**2 - 375*p - 1376. Give a(-184).
-88
Let v(q) = -37*q**2 + 134*q + 349. Calculate v(5).
94
Let c(v) = -v**2 + 386*v - 9542. Determine c(26).
